 53992 = 27493 - 2243. Calculate the remainder when 878 is divided by u.
32
Let v = 31520 + -31238. What is the remainder when 2239 is divided by v?
265
Suppose -16*m + 8 + 132 = -6*m. Calculate the remainder when 247 is divided by m.
9
Suppose -11*c + 9*c + 2*r = 356, -3*c + 4*r = 534. Let f = 188 + c. What is the remainder when 28 is divided by f?
8
Let q(v) = -45*v - 248. Let o(u) = -88*u - 495. Let h(m) = 4*o(m) - 7*q(m). What is the remainder when h(-8) is divided by 9?
7
Suppose -553 = 10*i + 327. Let s = -72 - i. What is the remainder when 44 is divided by s?
12
Let r = 73 - 30. Let f(y) = 231*y + 10882. Calculate the remainder when r is divided by f(-47).
18
Suppose 5*c + 3 = f - 5*f, -f - 2*c - 3 = 0. Let s be (-18)/(-5)*(-240)/(-18). Calculate the remainder when f is divided by (-4)/10 - s/(-20).
1
Suppose -524*r = 28*r - 41400. Calculate the remainder when 122 is divided by r.
47
Suppose 5*l + 2*c - 813 = -137, 2*l - 5*c = 253. Calculate the remainder when 1343 is divided by l.
3
Suppose 27 + 23 = 2*i. Let b(m) = m**2 + 79*m - 380. Let q = 866 + -861. What is the remainder when b(q) is divided by i?
15
Suppose 67*t - 28648 - 66425 = 0. Calculate the remainder when t is divided by 29.
27
Let s = 3374 - 3351. What is the remainder when 905 is divided by s?
8
Let x(n) be the second derivative of -n**5/20 + 13*n**4/12 - 25*n**3/6 + 22*n**2 + n + 55. Calculate the remainder when x(11) is divided by 7.
4
Let v = 1137 - 625. Suppose -72 + v = 8*i. What is the remainder when 714 is divided by i?
54
Suppose -3*s - 45 + 321 = 0. Let k be -1 - 3/(12/s). Let l = 53 + k. What is the remainder when 115 is divided by l?
28
Suppose 27*r - 6739 - 497 = 0. Let n = -251 + r. What is the remainder when 50 is divided by n?
16
Let k(i) = i**3 + 10*i**2 - 29*i - 169. What is the remainder when k(-8) is divided by 50?
41
Suppose -55*p + 2*u + 26 = -53*p, 0 = -p + 2*u + 18. Let q = 27 + -15. Let x = q - p. What is the remainder when 9 is divided by x?
1
Suppose j - 3*j - 218 = -a, 5*a = 3*j + 1069. Calculate the remainder when 792 is divided by a.
156
Let p = 934 + -618. Let n = -262 + p. Calculate the remainder when 214 is divided by n.
52
Let z(y) = 9*y**2 - 4*y + 2. Let a(o) = 35*o - 128. Let q be a(4). Suppose -2*w = -0 + 8, -w - q = -2*k. What is the remainder when z(2) is divided by k?
2
Suppose k + 3*y = 2*k + 7, y = -2*k - 14. Let s(x) = 18*x + 12. Let a be s(k). What is the remainder when a/(-10) - 14/35 is divided by 2?
1
Suppose -1718*l = -1798*l + 800. Calculate the remainder when 1178 is divided by l.
8
Suppose 1978 = 3*g + 2*y - 864, -3820 = -4*g + 5*y. What is the remainder when g is divided by 947?
3
Let a = -6437 + 11059. What is the remainder when a is divided by 37?
34
Let y = -154 - -151. Let g = y + 117. What is the remainder when g is divided by 33?
15
Let a(l) = -2*l**3 + l**2 + l - 1. Let b(z) = 3*z**3 - 15*z**2 - 21*z - 2. Let p(w) = -2*a(w) - b(w). Calculate the remainder when p(-7) is divided by 14.
11
Let o be 1*1*-14 - 3/3. Let a be (5/o)/((-3)/7119). Suppose -5*c = -a + 106. What is the remainder when c is divided by 35?
32
Calculate the remainder when 4779 is divided by 4 - (-7020)/6 - -18.
11
Suppose -7*p = -p - 150. Let r = -21 + 26. Suppose 0 = -5*j - r*k - p + 70, -27 = -j + 5*k. What is the remainder when 58 is divided by j?
10
Let o = 82 + -44. Let w(m) = -m**3 - 3*m**2 + 8*m + 5. Let x be w(-5). Suppose -x = 3*s, 0*s + 5*s + 76 = 3*f. Calculate the remainder when o is divided by f.
4
Suppose -552*w = -549*w - 18, -5*w - 5776 = -2*x. Calculate the remainder when x is divided by 51.
47
Suppose 18*j - 8*j = -12*j + 8910. What is the remainder when j is divided by 177?
51
Suppose -22*k + 8278 = 7156. Calculate the remainder when 208 is divided by k.
4
Let r = 0 + 7. Suppose -m + 2*v + 3 + 1 = 0, 0 = 5*m - v + r. Calculate the remainder when (4 + m - 3)*100/(-5) is divided by 11.
9
Let l = 16845 - 16832. Calculate the remainder when 5589 is divided by l.
12
Let w = -1268 - -1330. Calculate the remainder when 144 is divided by w.
20
Let k be 3*12/(-9) + 6. Suppose i = 5*n - 3*i + 54, 2*i = k*n + 22. What is the remainder when 27 is divided by ((-4)/10)/(n/350)?
13
Let y = 47 - 13. Let n = y + 243. Let l = n - 191. What is the remainder when l is divided by 29?
28
What is the remainder when (-27)/(-12)*24424/213 is divided by 10?
8
Let j be 3496/(-95)*(0 + -10). Let d = 499 - 700. Let i = d + j. What is the remainder when i is divided by 56?
55
Suppose 45 = d + 8*d. Suppose 14*l - 64 = 6. Suppose 4*w + l*i = 101 + 35, 5*w = -5*i + 175. What is the remainder when w is divided by d?
4
Let j be 405/54 - 3/2. Suppose -16*t + j = -15*t. Suppose -t*s + 7*s = 1. Calculate the remainder when 2 is divided by s.
0
Let k(u) = u**3 + 3*u**2 + 30*u + 33. Calculate the remainder when 56 is divided by k(0).
23
Let w = 712 + -281. Calculate the remainder when w is divided by 4/(-46) - 3/((-2622)/42028).
47
Let j(r) = 504*r - 805. What is the remainder when j(2) is divided by 32?
11
Suppose 5*k - 16*k - 15*k + 546 = 0. What is the remainder when k is divided by 5?
1
Calculate the remainder when 135 + -5 + 8 + 3 is divided by 49.
43
What is the remainder when (-4)/(-8)*(12/(-3))/((-1)/107) is divided by 11?
5
Let r = -27816 - -30236. Calculate the remainder when r is divided by 24.
20
Let u = -1681 - -1756. Calculate the remainder when 749 is divided by u.
74
Suppose -94 = -8*f + 306. Suppose u + l = 30, 0 = -4*u - l + 64 + f. Calculate the remainder when 71 is divided by u.
15
Let p(b) = -13*b**3 + b**2 + 2*b - 2. Let f be p(1). Let g be 3/(4/f + (-21)/18). What is the remainder when 233 is divided by (g - -3 - (-59 + 1))/1?
56
Let v = 118 - 112. Suppose -v*t + 0*t = -54. Calculate the remainder when 48 is divided by (-6)/t*2/(4/(-51)).
14
Suppose -172 = -56*a + 53*a + 4*w, 5*w - 136 = -3*a. Calculate the remainder when 153 is divided by a.
49
Let w = 98 - 91. Suppose 4*d = w + 89. What is the remainder when 958/(-16)*-2 - (-9)/(-12) is divided by d?
23
Let l(r) = -2529*r + 5088. Let d(b) = 15*b - 5. Calculate the remainder when d(6) is divided by l(2).
25
Let j(o) = -6*o**2 - 16*o + 72. Let w be j(8). Let k = w - -454. What is the remainder when 69 is divided by k?
13
Let q(p) = 64*p + 1489. What is the remainder when 1204 is divided by q(-23)?
14
Let f be 1 + (2 - (-5 + 2)). Let h(n) = n**3 - 7*n**2 + 2*n + 13. Let v be h(f). Let u = v + 28. What is the remainder when 117 is divided by u?
15
Let l(f) = -f**2 + 47*f - 168. Let m be l(4). Let v(d) = -3 + 3 + 2*d + 1. Calculate the remainder when 15 is divided by v(m).
6
Let y = 1698 + -1232. What is the remainder when y is divided by 38?
10
Let w = 144723 + -144708. What is the remainder when (-2)/(-3) - (-145)/3 is divided by w?
4
Suppose 24*r + 191 = -985. Let s = 122 + r. What is the remainder when s is divided by 25?
23
Suppose 0 = -11*m + 395 + 100. Suppose -4*w + 3 + m = 0. Suppose w*u - 124 = -28. What is the remainder when 23 is divided by u?
7
Let r(y) = 34*y**2 + 184*y - 26. Calculate the remainder when 287 is divided by r(-6).
5
Let u(o) = -54*o - 28. Let i(p) = -6*p**2 - 9*p + 9. Let c be i(1). What is the remainder when u(c) is divided by 9?
8
Let z(o) = -4*o**3 - 2*o - 3. Let g be z(-2). What is the remainder when (-154)/g*(-9)/7 is divided by 6?
0
Suppose u + 3*j = 127, -5*j + 389 = -24*u + 27*u. What is the remainder when u is divided by 41?
10
Suppose -69 + 2850 = 27*l. Calculate the remainder when l is divided by 16.
7
What is the remainder when 469 is divided by (0 + -2)/((-2)/(39 + -2 - 0))?
25
Let k(l) be the first derivative of -l**4/4 - 10*l**3/3 - l**2/2 - 8*l - 3. Let g be k(-10). Suppose g - 4 = -y. What is the remainder when y is divided by 2?
0
Suppose -t + 5*j + 5 = 0, 0 = 4*t - 3*t - 2*j - 17. Suppose t*a - 17*a = 2336. Calculate the remainder when a is divided by 33.
28
Calculate the remainder when -2 - 7 - (-1293 - -22) is divided by 79.
77
Let a(f) be the third derivative of 1/12*f**4 + 29/6*f**3 + 37*f**2 + 0 + 0*f. Calculate the remainder when a(-9) is divided by 4.
3
Let y = -169 + 188. Suppose 4*h = -0*r + 5*r + 125, 4*r + 145 = 5*h. Calculate the remainder when (-1)/(-5) + 1370/h is divided by y.
17
Let v(s) = -3*s**2 - 18*s - 11. Let d be v(-7). Let 